{"id":6033,"date":"2024-09-01T14:42:07","date_gmt":"2024-09-01T12:42:07","guid":{"rendered":"https:\/\/herbio-belair.com\/?post_type=product&#038;p=6033"},"modified":"2024-09-01T14:49:51","modified_gmt":"2024-09-01T12:49:51","slug":"gold-plus-face-fresh","status":"publish","type":"product","link":"https:\/\/herbio-belair.com\/?product=gold-plus-face-fresh","title":{"rendered":"Gold Plus Face Fresh"},"content":{"rendered":"","protected":false},"excerpt":{"rendered":"<h4>Cr\u00e8me visage gold plus Face Fresh vous prot\u00e8ge des rayons du soleil, \u00e9limine l\u2019acn\u00e9, les rides, les froissements.<br \/>\nLa cr\u00e8me contient les meilleures hydratations cutan\u00e9es, des vitamines et des extraits de plantes. Vitamine B3.<\/h4>\n<h4 style=\"text-align: right;\"><strong>\u0643\u0631\u064a\u0645 \u0627\u0644\u0648\u062c\u0647 Gold Plus Face Fresh \u064a\u062d\u0645\u064a\u0643 \u0645\u0646 \u0623\u0634\u0639\u0629 \u0627\u0644\u0634\u0645\u0633\u060c \u0648\u064a\u0632\u064a\u0644 \u062d\u0628 \u0627\u0644\u0634\u0628\u0627\u0628\u060c \u0648\u0627\u0644\u062a\u062c\u0627\u0639\u064a\u062f\u060c \u0648\u0627\u0644\u062a\u0634\u0642\u0642\u0627\u062a.<\/strong><br \/>\n<strong>\u0627\u0644\u0643\u0631\u064a\u0645 \u064a\u062d\u062a\u0648\u064a \u0639\u0644\u0649 \u0623\u0641\u0636\u0644 \u0627\u0644\u0645\u0631\u0637\u0628\u0627\u062a \u0644\u0644\u0628\u0634\u0631\u0629\u060c \u0648\u0627\u0644\u0641\u064a\u062a\u0627\u0645\u064a\u0646\u0627\u062a\u060c \u0648\u0645\u0633\u062a\u062e\u0644\u0635\u0627\u062a \u0627\u0644\u0646\u0628\u0627\u062a\u0627\u062a.<\/strong><br \/>\n<strong>\u0641\u064a\u062a\u0627\u0645\u064a\u0646 B3.<\/strong><\/h4>\n","protected":false},"featured_media":6035,"comment_status":"closed","ping_status":"closed","template":"","meta":[],"product_brand":[],"product_cat":[150],"product_tag":[],"class_list":{"0":"post-6033","1":"product","2":"type-product","3":"status-publish","4":"has-post-thumbnail","6":"product_cat-soin-de-peau-et-visage","7":"nt-post-class","8":"","14":"first","15":"instock","16":"taxable","17":"shipping-taxable","18":"purchasable","19":"product-type-simple"},"jetpack_sharing_enabled":true,"_links":{"self":[{"href":"https:\/\/herbio-belair.com\/index.php?rest_route=\/wp\/v2\/product\/6033","targetHints":{"allow":["GET"]}}],"collection":[{"href":"https:\/\/herbio-belair.com\/index.php?rest_route=\/wp\/v2\/product"}],"about":[{"href":"https:\/\/herbio-belair.com\/index.php?rest_route=\/wp\/v2\/types\/product"}],"replies":[{"embeddable":true,"href":"https:\/\/herbio-belair.com\/index.php?rest_route=%2Fwp%2Fv2%2Fcomments&post=6033"}],"version-history":[{"count":3,"href":"https:\/\/herbio-belair.com\/index.php?rest_route=\/wp\/v2\/product\/6033\/revisions"}],"predecessor-version":[{"id":6037,"href":"https:\/\/herbio-belair.com\/index.php?rest_route=\/wp\/v2\/product\/6033\/revisions\/6037"}],"wp:featuredmedia":[{"embeddable":true,"href":"https:\/\/herbio-belair.com\/index.php?rest_route=\/wp\/v2\/media\/6035"}],"wp:attachment":[{"href":"https:\/\/herbio-belair.com\/index.php?rest_route=%2Fwp%2Fv2%2Fmedia&parent=6033"}],"wp:term":[{"taxonomy":"product_brand","embeddable":true,"href":"https:\/\/herbio-belair.com\/index.php?rest_route=%2Fwp%2Fv2%2Fproduct_brand&post=6033"},{"taxonomy":"product_cat","embeddable":true,"href":"https:\/\/herbio-belair.com\/index.php?rest_route=%2Fwp%2Fv2%2Fproduct_cat&post=6033"},{"taxonomy":"product_tag","embeddable":true,"href":"https:\/\/herbio-belair.com\/index.php?rest_route=%2Fwp%2Fv2%2Fproduct_tag&post=6033"}],"curies":[{"name":"wp","href":"https:\/\/api.w.org\/{rel}","templated":true}]}}

<h4>Crème visage gold plus Face Fresh vous protège des rayons du soleil, élimine l’acné, les rides, les froissements.<br />
La crème contient les meilleures hydratations cutanées, des vitamines et des extraits de plantes. Vitamine B3.</h4>
<h4 style="text-align: right;"><strong>كريم الوجه Gold Plus Face Fresh يحميك من أشعة الشمس، ويزيل حب الشباب، والتجاعيد، والتشققات.</strong><br />
<strong>الكريم يحتوي على أفضل المرطبات للبشرة، والفيتامينات، ومستخلصات النباتات.</strong><br />
<strong>فيتامين B3.</strong></h4>
